315
Calculate the remainder when 190464 is divided by 104.
40
What is the remainder when 4424573 is divided by 88485?
323
Calculate the remainder when 9278 is divided by 708.
74
What is the remainder when 307956 is divided by 206?
192
Calculate the remainder when 225946 is divided by 75287.
85
What is the remainder when 67796 is divided by 4095?
2276
What is the remainder when 43833453 is divided by 291?
123
Calculate the remainder when 5097434 is divided by 2548694.
46
What is the remainder when 1094219 is divided by 1925?
819
What is the remainder when 23973049 is divided by 38?
27
What is the remainder when 1364043 is divided by 454641?
120
Calculate the remainder when 67775 is divided by 5359.
3467
Calculate the remainder when 24847 is divided by 17045.
7802
What is the remainder when 3070 is divided by 108?
46
What is the remainder when 277805 is divided by 55?
0
Calculate the remainder when 1854209 is divided by 617961.
326
What is the remainder when 1096691977 is divided by 11?
7
What is the remainder when 477852 is divided by 8?
4
What is the remainder when 294260 is divided by 292376?
1884
Calculate the remainder when 248808 is divided by 6215.
208
Calculate the remainder when 32145333 is divided by 221.
220
What is the remainder when 2600628 is divided by 1893?
1539
Calculate the remainder when 2538858 is divided by 4763.
179
What is the remainder when 8984656 is divided by 217?
205
Calculate the remainder when 1301528 is divided by 93.
86
Calculate the remainder when 3192358 is divided by 122783.
0
Calculate the remainder when 44159 is divided by 40.
39
Calculate the remainder when 10688 is divided by 2201.
1884
Calculate the remainder when 711784 is divided by 9233.
843
Calculate the remainder when 23818419 is divided by 330.
9
What is the remainder when 74059 is divided by 343?
314
What is the remainder when 5559523 is divided by 129287?
182
What is the remainder when 794655 is divided by 175?
155
Calculate the remainder when 204334925 is divided by 212.
209
Calculate the remainder when 433472 is divided by 858.
182
What is the remainder when 3820584 is divided by 1482?
1470
Calculate the remainder when 74607305 is divided by 84302.
35
What is the remainder when 8760994 is divided by 1503?
7
Calculate the remainder when 12082302 is divided by 4027372.
186
What is the remainder when 94745 is divided by 7894?
17
What is the remainder when 13878603 is divided by 64?
11
What is the remainder when 19663731 is divided by 23?
19
Calculate the remainder when 94590905 is divided by 1542.
1541
What is the remainder when 1048250 is divided by 383?
362
What is the remainder when 1610346 is divided by 123868?
62
Calculate the remainder when 9443949 is divided by 547.
541
Calculate the remainder when 134474 is divided by 14941.
5
What is the remainder when 5542448 is divided by 5?
3
Calculate the remainder when 103488 is divided by 506.
264
What is the remainder when 1026643 is divided by 294?
289
Calculate the remainder when 65708 is divided by 65502.
206
What is the remainder when 385880 is divided by 2590?
2560
Calculate the remainder when 2199352 is divided by 1875.
1852
Calculate the remainder when 2431389 is divided by 105.
9
Calculate the remainder when 2192682 is divided by 9.
3
Calculate the remainder when 159414 is divided by 840.
654
What is the remainder when 1794812 is divided by 39875?
437
What is the remainder when 27238673 is divided by 5363?
5359
What is the remainder when 6955 is divided by 3269?
417
Calculate the remainder when 29118753 is divided by 34.
31
Calculate the remainder when 52249 is divided by 12962.
401
Calculate the remainder when 11961819 is divided by 10.
9
What is the remainder when 44249 is divided by 175?
149
What is the remainder when 3121862 is divided by 225?
212
What is the remainder when 147053 is divided by 12993?
4130
What is the remainder when 1828962 is divided by 24?
18
What is the remainder when 3434634 is divided by 1717258?
118
What is the remainder when 21132 is divided by 392?
356
Calculate the remainder when 24521215 is divided by 1019.
1018
What is the remainder when 3010021 is divided by 146?
85
What is the remainder when 60396 is divided by 205?
126
Calculate the remainder when 87654 is divided by 886.
826
Calculate the remainder when 22565705 is divided by 1880473.
29
Calculate the remainder when 201857314 is divided by 5804.
5802
Calculate the remainder when 247181 is divided by 145.
101
Calculate the remainder when 2405587 is divided by 68731.
2
Calculate the remainder when 612582 is divided by 11.
3
Calculate the remainder when 38645 is divided by 60.
5
What is the remainder when 14044032 is divided by 327?
36
Calculate the remainder when 21627360 is divided by 70.
20
Calculate the remainder when 647912 is divided by 1906.
1778
Calculate the remainder when 38935 is divided by 828.
19
What is the remainder when 3689479 is divided by 1397?
2
What is the remainder when 14770855 is divided by 4016?
7
What is the remainder when 9278334 is divided by 1466?
20
Calculate the remainder when 999799 is divided by 105.
94
What is the remainder when 4722 is divided by 1012?
674
Calculate the remainder when 333280 is divided by 66.
46
What is the remainder when 3105164 is divided by 5210?
4
Calculate the remainder when 915455 is divided by 304460.
2075
What is the remainder when 27802 is divided by 27783?
19
What is the remainder when 3352142 is divided by 4630?
22
Calculate the remainder when 3136384714 is divided by 4145.
4144
Calculate the remainder when 49508 is divided by 4796.
1548
What is the remainder when 329280 is divided by 50?
30
What is the remainder when 4941236 is divided by 756?
20
What is the remainder when 1198968 is divided by 24970?
408
Calculate the remainder when 80799 is divided by 5384.
39
Calculate the remainder when 37233333 is divided by 50.
33
Calculate the remainder when 1196604 is divided by 49856.
60
What is the remainder when 506790 is divided by 25339?
10
Calculate the remainder when 3546276 is divided by 243.
177
What is the remainder when 42416762 is divided by 9534?
9530
Calculate the remainder when 6222764 is divided by 117.
2
Calculate the remainder when 2590010 is divided by 872.
170
Calculate the remainder when 7792870 is divided by 3669.
3583
Calculate the remainder when 86643 is divided by 21038.
2491
Calculate the remainder when 31277983 is divided by 263.
182
What is the remainder when 11678518 is divided by 128?
54
Calculate the remainder when 161159 is divided by 52570.
3449
What is the remainder when 506886 is divided by 992?
966
Calculate the remainder when 79495 is divided by 79408.
87
Calculate the remainder when 287036 is divided by 300.
236
Calculate the remainder when 2274049 is divided by 16128.
1
What is the remainder when 2087696 is divided by 320?
16
What is the remainder when 441155 is divided by 48?
35
What is the remainder when 140069 is divided by 134365?
5704
What is the remainder when 67025957 is divided by 593150?
7
What is the remainder when 471882 is divided by 94355?
107
Calculate the remainder when 6006748 is divided by 7791.
7678
Calculate the remainder when 59101 is divided by 55042.
4059
Calculate the remainder when 1817598 is divided by 1966.
1014
Calculate the remainder when 110345 is divided by 54648.
1049
Calculate the remainder when 13334062 is divided by 1433.
1430
What is the remainder when 172511 is divided by 287?
24
Calculate the remainder when 1322103 is divided by 220305.
273
Calculate the remainder when 313509 is divided by 6815.
19
Calculate the remainder when 1479513 is divided by 5228.
5217
What is the remainder when 3315262 is divided by 1282?
10
What is the remainder when 2397368 is divided by 135?
38
What is the remainder when 3196435 is divided by 1897?
1887
What is the remainder when 3236219 is divided by 780?
779
What is the remainder when 926164350 is divided by 2176?
2174
What is the remainder when 226471 is divided by 74850?
1921
What is the remainder when 220270 is divided by 9560?
390
Calculate the remainder when 1943077 is divided by 20891.
214
What is the remainder when 12886697 is divided by 173?
100
What is the remainder when 188479 is divided by 31407?
37
What is the remainder when 484031 is 